et z(s) = s**2 - s. Suppose 3*c + 10 = -2*c - 3*r, -4*r + 6 = -3*c. Let d be -2 + (0/14)/(c/(-1)). Let q be (2/((-12)/d))/(15/(-45)). Calculate z(q).
2
Let d = -796 + 793. Let x = 10 + -8. Let a(g) = -g + 6. Let h(i) = -2*i + 6. Let z(c) = d*a(c) + x*h(c). Calculate z(-7).
1
Suppose -25 + 33 = n. Let u(h) = n*h + 0*h - 3 - 3*h. Let v(o) = o**3 - 3*o**2 + 4. Let k be v(3). What is u(k)?
17
Let c(f) = -10*f**3 - 3*f**2 - 4*f - 2. Let l(j) = j**2 - 501*j - 2021. Let t be l(-4). Determine c(t).
9
Let i(t) be the third derivative of -t**6/120 + t**5/15 - t**4/6 - t**3/6 - 37*t**2. Let y(d) = 1 - 3 - d**2 + 5 + 1. Let s be y(0). Calculate i(s).
-17
Let s = 67 + -60. Suppose -9*d + s = -20. Suppose 5*c = 3*v + 2*c + 15, 0 = -v - c - d. Let n(t) = t + 5. What is n(v)?
1
Suppose -162 = 147*j - 129*j. Let g(w) = -7*w**2 - 63*w - 5. What is g(j)?
-5
Let y(m) = 4*m - 25. Let b be y(9). Suppose -b*q - 3 = -58. Let c(w) = -2 + q*w - 7*w + w. Calculate c(5).
-7
Let y(v) = -v**2 - 16*v - 38. Suppose 689 + 477 = -106*i. What is y(i)?
17
Let q = -24 + 17. Let v(a) be the first derivative of a**3/3 + 5*a**2/2 - 5*a - 7820. Give v(q).
9
Let d = -1362 + 1359. Let u(m) = -21*m - 5. Give u(d).
58
Let z(f) = 28*f**3 - 7 - 4*f**2 + 29*f**3 + 33*f**3 - 122*f**3 + 31*f**3. Give z(0).
-7
Let z(y) = -y**3 + y**2 - 10. Let q(k) = -10*k. Let n be q(0). Let r be z(n). Let g(h) = -h - 23. Determine g(r).
-13
Suppose -2*o - p - 3 = 15, 5*o = 3*p - 67. Let t(u) = 27*u - 27. Let n(k) = -10*k + 9. Let v(z) = o*n(z) - 4*t(z). Calculate v(-7).
-5
Let k be (-5 + 0)/(0 + -1). Let y(n) = 4*n - 3*n**2 - 6*n - 2504*n**3 + 8*n**2 + 1253*n**3 + 1250*n**3 + 3 + 3*n. Give y(k).
8
Suppose -4*n - 3*v - 14 = -2*v, n - 5 = 4*v. Let k be 17 + (n - -2) + 1. Let y(d) = 7*d**2 + k*d**2 + 0*d - 5*d**2 - d. Give y(1).
18
Let g(w) = -2*w**2 + 14*w - 20. Let z = -1967 - -1972. Calculate g(z).
0
Let t(l) be the second derivative of -l**4/24 + l**3/3 - 37*l**2/2 + 3*l + 3. Let u(q) be the first derivative of t(q). What is u(-5)?
7
Let f(v) = 23*v**3 + 6*v**2 - 4*v - 6. Let n(r) = 22*r**3 + 5*r**2 - 3*r - 5. Let m(d) = -5*f(d) + 6*n(d). Give m(-1).
-19
Let t be (-25)/(-20)*4 + -5. Suppose -5*r - 3*r + 16 = t. Let y(n) = 2*n + 8 - n**3 - 3 - 4 + 5*n**2 - 3*n**2. Give y(r).
5
Let a(h) = -h**3 + h**2 + h. Let u(i) = 7*i**3 + 2*i**2 + 3*i + 1. Let q(d) = -2*a(d) + u(d). Suppose -7 = 9*b - 2*b. Calculate q(b).
-9
Let w(z) = -z + 1. Let m(h) = -h**3 - 11*h**2 - 17*h + 11. Let f be m(-9). Let v(u) = 12*u + 3. Let t(j) = f*w(j) - v(j). Give t(-1).
13
Let l(f) = -f**3 - f + 154. Let z be l(0). Let a = -149 + z. Let v(t) be the third derivative of t**5/60 - t**4/8 - t**3/2 + t**2. Calculate v(a).
7
Let x(a) be the second derivative of 0*a**3 - 19*a - 1/60*a**5 + 5/24*a**4 - 19/2*a**2 + 0. Let j(f) be the first derivative of x(f). Determine j(5).
0
Let s(w) = 4*w - 7. Let b(h) = -h - 26. Let n be b(-20). Let f(q) = -q + 1. Let i(d) = n*f(d) - s(d). What is i(3)?
7
Let o(u) = -u**3 + u**2 + 460*u - 913*u + 6*u**2 + 461*u - 12. Calculate o(7).
44
Suppose 4*p - 755 = -5*x, 194 = -14*p + 15*p - 4*x. Let n = -195 + p. Let s(r) = -2*r**2 - 5*r + 3. Calculate s(n).
-22
Let t(m) = -207*m + 2. Let c(s) = -262*s + 4. Let v(n) = -2*c(n) + 3*t(n). What is v(1)?
-99
Let l(s) = -s**3 - 9*s**2 + 8*s + 5. Suppose -w = 1, 4*c - 469*w = -465*w - 36. What is l(c)?
25
Suppose 0 = 232*o - 234*o - 3*m + 41, -2*o = -5*m - 1. Let u(h) = -h**3 + 12*h**2 + 14*h - 20. Give u(o).
-7
Let k = -379691 - -379683. Let h(b) = b**2 + 7*b - 26. Let x(y) = -3*y**2 - 22*y + 79. Let f(g) = 7*h(g) + 2*x(g). Calculate f(k).
0
Let k(u) = -2*u**2 - 5*u - 8. Suppose -8*n - 12 = -236. Let w be ((-48)/20)/12 + n/(-10). What is k(w)?
-11
Let g(n) = 6*n - 1. Let k(h) = -5*h + 12. Let m(p) = g(p) + k(p). Let d(q) = 2*q - 16. Let v be d(9). Suppose -v*x - 1 = 11. Give m(x).
5
Let k(h) = 10*h**2 - 20*h + 58. Let b(g) = -17*g**2 + 34*g - 96. Let z(c) = 7*b(c) + 12*k(c). Give z(0).
24
Let i(l) = l**2 + 2*l - 5. Let d be i(-5). Let p be (5 + (-155)/25)/(15/(-50)). Suppose -y = -3*n + d, -5*y = p*n - 25 - 1. Let o(m) = 4*m - 3. Give o(n).
13
Let f(o) be the first derivative of 21*o**2/2 + 200*o - 4481. Calculate f(-9).
11
Let j(z) = 5*z - 17474. Let s(x) = 7*x - 22471. Let b(t) = -9*j(t) + 7*s(t). Suppose 2*a - 18 = 3*u, -u = -2*u. Calculate b(a).
5
Let b(k) = -13*k**2 + 1. Suppose -7*z - 5 = -10*z - d, 6 = z - 4*d. Let l = z + -3. Determine b(l).
-12
Suppose -25*t + 6 = 81. Let c(p) be the second derivative of p**4/12 + 2*p**3/3 - 8*p. Give c(t).
-3
Suppose 0 = -3*x - 5*v - 51, -5*x + 2*v = -7*x - 30. Let l be 4 + -4*x/8. Let d(i) = i**3 - 10*i**2 - 10. Give d(l).
-10
Suppose 5*h - 5 = 5. Suppose 0 = -2*u + h, -2*u + 7*u = 2*v - 3. Suppose -3*d = -v - 2. Let a(j) = j**2 + 2*j - 3. Determine a(d).
5
Let s(c) = 4*c - 16. Let b(l) = 20*l - 79. Let n(t) = b(t) - 6*s(t). What is n(4)?
1
Let h(v) = 2*v - 8. Let l(k) = k - 4. Let t(i) = 3*h(i) - 7*l(i). Let a(p) = 0*p + 48*p**2 - 43*p**2 + 0*p. Let q be a(-1). Determine t(q).
-1
Let w(h) = -2*h + 1. Let f be 7/3 - 10/(-6). Let u(v) = -7*v. Let l(o) = f*w(o) - u(o). Let i be 0 - (-2 + 2)*1. Determine l(i).
4
Let a(v) = -v**3 + 6*v + 4. Let q(b) be the second derivative of -b**5/10 + 11*b**3/6 + 7*b**2/2 + 65*b. Let g(o) = -11*a(o) + 6*q(o). Determine g(2).
-10
Let r(t) be the first derivative of -t**4/24 + t**3/3 + 3*t**2 - 5*t + 11. Let m(j) be the second derivative of r(j). Determine m(6).
-4
Let n(c) = -37*c + 102. Suppose -43*b - 19*b + 215 = 29. Give n(b).
-9
Let p be (-15)/12 + 1137/4 + -3. Let n = -283 + p. Let b(j) be the second derivative of -5*j**3/6 - j**2 + 2*j. Calculate b(n).
13
Let p(d) = 86*d - 12. Let q(i) = 103*i - 14. Let v(l) = 6*p(l) - 5*q(l). Give v(6).
4
Let g(c) = -c**2 + 4*c + 9. Let q = 12432 + -12426. Determine g(q).
-3
Let z(b) = -b**3 - 4*b**2 + b + 2. Let a(t) = -8*t + 29. Let h be a(-4). Suppose 18 = h*u - 67*u. What is z(u)?
-10
Let c(d) be the first derivative of 2*d**3 - d**2 - 2*d - 14. Let s = -330 - -332. Determine c(s).
18
Let b be (-4)/((-2)/(0 - (3 + -7))). Let q(d) = 4 + d**2 - b*d - 1 - 1 + 2. Determine q(8).
4
Let o(f) = -3*f - 182. Let c be o(-62). Let y(k) = 6*k**2 + 2*k - 5. What is y(c)?
99
Suppose -2*b = l - 5, -4*l - 16 = -3*b + 2*b. Suppose 0 = -f + 2 - 0. Let o(m) = -3*m**2 + 9*m + b*m**f - 7*m + 1 + 17*m**3. Give o(-1).
-17
Let x(d) = d**3 + 4*d**2 + 4*d - 2. Let m be ((-252)/(-28))/(-3 - (-12)/8). Give x(m).
-98
Let z(y) be the third derivative of y**5/60 - y**4/24 + y**3/6 - 237*y**2. Suppose -p - 3*p + t + 2 = 0, 5*p + t = 7. What is z(p)?
1
Let v(s) = -8*s**3 - 7*s**2 + 38*s + 14. Let f(m) = 4*m**3 + 5*m**2 - 18*m - 7. Let l(a) = -13*f(a) - 6*v(a). Calculate l(-6).
7
Let j = 1329 + -1328. Let z(c) = c + 3. Give z(j).
4
Let p(o) = -o + 8. Let x be (208/2)/(5 + 1 + -4). Suppose h = b + x, h + b - 64 = -b. Let y be h/42*(-30)/(-8). What is p(y)?
3
Suppose 5*v - 11*v + 36 = 0. Let j(t) be the first derivative of -3*t**2 - 5 - 8*t + 1/3*t**3. Determine j(v).
-8
Let s(a) be the second derivative of a**4/12 - 3*a**3 - 49*a**2/2 - 591*a + 3. What is s(22)?
39
Let y(a) = 2*a**2 - 26*a. Let r be y(12). Let k = r - -20. Let z be (-3)/9*-15 + k. Let w(j) = -13*j + 1. Determine w(z).
-12
Let j = 163071 - 163078. Let u(g) = 1 + 1 + 9*g + 2 + g**2. Give u(j).
-10
Let v be -35*(-3)/(-21) - -12. Let o(n) be the first derivative of -n**4/12 + n**3/3 + n**2 + 1. Let y(s) be the second derivative of o(s). Determine y(v).
-12
Suppose -4*t + 4 = 0, 84*t - 81*t + 72 = p. Let q(j) = p - j - 150 + 76 - 4*j. Give q(2).
-9
Suppose 116*h + 1595 = 319. Let k(r) = -10*r - 26. Let l(g) = 7*g + 17. Let s(c) = -5*k(c) - 7*l(c). Calculate s(h).
0
Let w(b) = -b - 21. Let o be 1/((2 - 10/6)*-3). Let t(c) = c + 1. Let d be t(o). Give w(d).
-21
Let s(a) = 62 + 64 - 125 - 5 - 14*a - 6*a**2. Give s(-4).
-44
Let x(y) = -y + 5. Suppose -5*g - 13*q = -15*q + 35, -20 = 5*g - 5*q. What is x(g)?
14
Let i(v) = -13*v**3 - 2*v**2 + 2*v - 1. Let w be 14*-15*1/(-6). Suppose -165 - 5 = 5*a. Let t = w + a. Determine i(t).
-14
Let w(f) = 973*f - 514*f + 371 + f**2 - 514*f. Calculate w(8).
-5
Let o(p) = 118*p**2 + 119*p + 475. Let f(g) = 13*g**2 + 13*g + 50. Let i(h) = -57*f(h) + 6*o(h). Calculate i(-1).
-6
Let i(y) = 6 